inder when 44119 is divided by 359.
321
What is the remainder when 163590 is divided by 23346?
168
What is the remainder when 158683 is divided by 3971?
3814
What is the remainder when 1422709 is divided by 2124?
1753
What is the remainder when 191984 is divided by 1384?
992
Calculate the remainder when 447783 is divided by 12396.
1527
What is the remainder when 79489 is divided by 2234?
1299
Calculate the remainder when 191746 is divided by 32.
2
What is the remainder when 294412 is divided by 35?
27
What is the remainder when 3378710 is divided by 360?
110
What is the remainder when 67251788 is divided by 515?
513
Calculate the remainder when 507961 is divided by 33863.
16
Calculate the remainder when 1319936 is divided by 278.
270
What is the remainder when 71345 is divided by 385?
120
What is the remainder when 4190904 is divided by 4190867?
37
Calculate the remainder when 45640714 is divided by 277.
255
What is the remainder when 36242735 is divided by 7248546?
5
What is the remainder when 7852195 is divided by 356910?
175
What is the remainder when 34649 is divided by 6924?
29
Calculate the remainder when 83573 is divided by 2264.
2069
Calculate the remainder when 8396 is divided by 5075.
3321
Calculate the remainder when 479221935 is divided by 20.
15
What is the remainder when 436287 is divided by 5452?
127
What is the remainder when 784996 is divided by 156772?
1136
Calculate the remainder when 7606189 is divided by 17.
15
Calculate the remainder when 1269568 is divided by 7694.
58
What is the remainder when 3854197 is divided by 1284731?
4
Calculate the remainder when 220124 is divided by 1392.
188
Calculate the remainder when 262861 is divided by 65415.
1201
Calculate the remainder when 4972609 is divided by 775.
209
Calculate the remainder when 1413600 is divided by 103.
28
Calculate the remainder when 164249 is divided by 1712.
1609
What is the remainder when 225529 is divided by 112727?
75
Calculate the remainder when 1562014 is divided by 390498.
22
Calculate the remainder when 11639031 is divided by 1914.
1911
Calculate the remainder when 4796062 is divided by 799341.
16
What is the remainder when 16415813 is divided by 381762?
47
Calculate the remainder when 1606063 is divided by 34.
5
What is the remainder when 1225797 is divided by 1223364?
2433
Calculate the remainder when 110365 is divided by 55157.
51
Calculate the remainder when 1298801 is divided by 14592.
113
Calculate the remainder when 75748 is divided by 75151.
597
Calculate the remainder when 145636 is divided by 48440.
316
Calculate the remainder when 370521 is divided by 77.
74
Calculate the remainder when 10567981 is divided by 2641995.
1
What is the remainder when 29066 is divided by 13614?
1838
What is the remainder when 1937 is divided by 1115?
822
What is the remainder when 6376801 is divided by 8?
1
What is the remainder when 56283 is divided by 18667?
282
What is the remainder when 1672793 is divided by 37173?
8
Calculate the remainder when 215143 is divided by 7171.
13
What is the remainder when 379222 is divided by 839?
833
What is the remainder when 40073 is divided by 49?
40
Calculate the remainder when 13652724 is divided by 11136.
11124
What is the remainder when 49716 is divided by 135?
36
What is the remainder when 2517205 is divided by 439?
418
Calculate the remainder when 310237736 is divided by 4843.
4842
Calculate the remainder when 362923 is divided by 30243.
7
Calculate the remainder when 9396503 is divided by 9396430.
73
What is the remainder when 19723707 is divided by 95?
92
Calculate the remainder when 15876815 is divided by 1538.
41
What is the remainder when 34131969 is divided by 12?
9
Calculate the remainder when 90836256 is divided by 27635.
11
Calculate the remainder when 545247 is divided by 45435.
27
What is the remainder when 13037119 is divided by 21985?
14
What is the remainder when 95938 is divided by 1616?
594
What is the remainder when 143714841 is divided by 47904947?
0
What is the remainder when 43882497 is divided by 27?
18
What is the remainder when 15293063 is divided by 2168?
2159
What is the remainder when 820180 is divided by 131?
120
What is the remainder when 4070252 is divided by 58?
44
Calculate the remainder when 25391836 is divided by 188.
180
Calculate the remainder when 6997758 is divided by 1163.
1150
What is the remainder when 686563 is divided by 17?
1
Calculate the remainder when 37080 is divided by 1595.
395
Calculate the remainder when 605949 is divided by 302924.
101
What is the remainder when 257823 is divided by 21481?
51
Calculate the remainder when 20306813 is divided by 201.
185
Calculate the remainder when 2409458 is divided by 1654.
1234
Calculate the remainder when 1836538 is divided by 540.
538
Calculate the remainder when 635961 is divided by 113.
110
What is the remainder when 29808 is divided by 12956?
3896
Calculate the remainder when 5542399 is divided by 1385591.
35
What is the remainder when 740671 is divided by 123437?
49
Calculate the remainder when 838523 is divided by 209587.
175
Calculate the remainder when 7609810 is divided by 111.
94
What is the remainder when 84880 is divided by 5601?
865
What is the remainder when 11831848 is divided by 30?
28
Calculate the remainder when 9803471 is divided by 4901706.
59
Calculate the remainder when 52434 is divided by 26208.
18
Calculate the remainder when 525025 is divided by 1702.
809
What is the remainder when 99679 is divided by 24903?
67
What is the remainder when 285489 is divided by 6?
3
Calculate the remainder when 39693 is divided by 7805.
668
Calculate the remainder when 17171519 is divided by 874.
41
What is the remainder when 3981478 is divided by 1341?
49
What is the remainder when 18421 is divided by 1863?
1654
Calculate the remainder when 785116534 is divided by 3799.
3797
What is the remainder when 4187703 is divided by 310?
223
Calculate the remainder when 73611 is divided by 1300.
811
Calculate the remainder when 11675757 is divided by 170.
157
What is the remainder when 8407974 is divided by 6721?
3
Calculate the remainder when 272925 is divided by 399.
9
What is the remainder when 199660 is divided by 60?
40
What is the remainder when 215506 is divided by 1232?
1138
Calculate the remainder when 8167 is divided by 1611.
112
Calculate the remainder when 46197 is divided by 4520.
997
Calculate the remainder when 85663 is divided by 16955.
888
What is the remainder when 15694718 is divided by 3580?
3578
What is the remainder when 8942102 is divided by 4471048?
6
What is the remainder when 69257 is divided by 192?
137
What is the remainder when 221371 is divided by 4662?
2257
What is the remainder when 2109370 is divided by 464?
26
What is the remainder when 1666175 is divided by 454?
449
Calculate the remainder when 1040460 is divided by 313.
48
Calculate the remainder when 18293705 is divided by 1357.
1345
What is the remainder when 1646989 is divided by 3375?
3364
Calculate the remainder when 3111670 is divided by 2196.
2134
What is the remainder when 15859 is divided by 4532?
2263
Calculate the remainder when 92244 is divided by 94.
30
What is the remainder when 3307309 is divided by 494?
473
What is the remainder when 62368925 is divided by 1422?
5
What is the remainder when 127607 is divided by 1141?
956
Calculate the remainder when 37280439 is divided by 2678.
1
Calculate the remainder when 54826700 is divided by 12181.
19
What is the remainder when 5005614 is divided by 1431?
1407
What is the remainder when 382248 is divided by 42465?
63
What is the remainder when 15207 is divided by 1673?
150
Calculate the remainder when 366356 is divided by 129.
125
What is the remainder when 30876943 is divided by 7?
6
Calculate the remainder when 13476098 is divided by 134.
120
What is the remainder when 50279 is divided by 24084?
2111
What is the remainder when 146463676 is divided by 6?
4
What is the remainder when 17239988 is divided by 2943?
2837
Calculate the remainder when 9817914 is divided by 1008.
1002
What is the remainder when 703815 is divided by 175899?
219
What is the remainder when 29497929 is divided by 1086?
1083
What is the remainder when 195984 is divided by 2161?
1494
Calculate the remainder when 20212277 i